igit of 2788?
8
What is the thousands digit of 1003?
1
What is the thousands digit of 1948?
1
What is the tens digit of 13584?
8
What is the hundreds digit of 34332?
3
What is the units digit of 76?
6
What is the tens digit of 158?
5
What is the tens digit of 3628?
2
What is the units digit of 2398?
8
What is the units digit of 842?
2
What is the hundreds digit of 16219?
2
What is the units digit of 904?
4
What is the tens digit of 38994?
9
What is the units digit of 27280?
0
What is the thousands digit of 15466?
5
What is the tens digit of 19191?
9
What is the thousands digit of 29876?
9
What is the units digit of 5122?
2
What is the hundreds digit of 2712?
7
What is the hundreds digit of 11461?
4
What is the hundreds digit of 81923?
9
What is the units digit of 14572?
2
What is the units digit of 1400?
0
What is the thousands digit of 3569?
3
What is the units digit of 85?
5
What is the tens digit of 62957?
5
What is the units digit of 4204?
4
What is the units digit of 876?
6
What is the tens digit of 11963?
6
What is the units digit of 238?
8
What is the hundreds digit of 12894?
8
What is the hundreds digit of 29929?
9
What is the thousands digit of 59435?
9
What is the thousands digit of 6035?
6
What is the ten thousands digit of 35301?
3
What is the thousands digit of 58168?
8
What is the hundreds digit of 1292?
2
What is the units digit of 18763?
3
What is the units digit of 687?
7
What is the units digit of 705?
5
What is the hundreds digit of 33186?
1
What is the thousands digit of 22302?
2
What is the tens digit of 6523?
2
What is the units digit of 72?
2
What is the tens digit of 7933?
3
What is the thousands digit of 7091?
7
What is the ten thousands digit of 11450?
1
What is the tens digit of 1092?
9
What is the thousands digit of 1118?
1
What is the thousands digit of 3212?
3
What is the units digit of 2?
2
What is the units digit of 1263?
3
What is the thousands digit of 7778?
7
What is the tens digit of 435?
3
What is the tens digit of 261?
6
What is the units digit of 1018?
8
What is the units digit of 3248?
8
What is the thousands digit of 3110?
3
What is the hundreds digit of 3269?
2
What is the hundreds digit of 397?
3
What is the thousands digit of 17989?
7
What is the thousands digit of 2095?
2
What is the units digit of 19619?
9
What is the thousands digit of 2822?
2
What is the hundreds digit of 7643?
6
What is the tens digit of 708?
0
What is the units digit of 120861?
1
What is the thousands digit of 31115?
1
What is the thousands digit of 6192?
6
What is the thousands digit of 9578?
9
What is the hundreds digit of 1933?
9
What is the tens digit of 1514?
1
What is the units digit of 1010?
0
What is the tens digit of 365?
6
What is the thousands digit of 4871?
4
What is the hundreds digit of 1459?
4
What is the tens digit of 6444?
4
What is the hundreds digit of 986?
9
What is the hundreds digit of 24136?
1
What is the units digit of 448?
8
What is the ten thousands digit of 129670?
2
What is the units digit of 10588?
8
What is the tens digit of 115254?
5
What is the thousands digit of 3100?
3
What is the hundreds digit of 3203?
2
What is the units digit of 3155?
5
What is the tens digit of 17803?
0
What is the thousands digit of 5583?
5
What is the hundreds digit of 6700?
7
What is the units digit of 3484?
4
What is the units digit of 791?
1
What is the units digit of 7169?
9
What is the tens digit of 352?
5
What is the units digit of 54?
4
What is the thousands digit of 3328?
3
What is the thousands digit of 3209?
3
What is the thousands digit of 12828?
2
What is the tens digit of 6979?
7
What is the hundreds digit of 2396?
3
What is the hundreds digit of 7034?
0
What is the units digit of 1366?
6
What is the tens digit of 303?
0
What is the units digit of 24748?
8
What is the units digit of 241?
1
What is the tens digit of 472?
7
What is the thousands digit of 5469?
5
What is the units digit of 21451?
1
What is the units digit of 586?
6
What is the thousands digit of 4450?
4
What is the hundreds digit of 1531?
5
What is the tens digit of 973?
7
What is the thousands digit of 2154?
2
What is the tens digit of 35756?
5
What is the hundreds digit of 1076?
0
What is the ten thousands digit of 18806?
1
What is the hundreds digit of 1152?
1
What is the thousands digit of 5174?
5
What is the thousands digit of 1360?
1
What is the tens digit of 1840?
4
What is the units digit of 1019?
9
What is the tens digit of 930?
3
What is the hundreds digit of 491?
4
What is the ten thousands digit of 112189?
1
What is the units digit of 985?
5
What is the hundreds digit of 1221?
2
What is the ten thousands digit of 147084?
4
What is the hundreds digit of 63440?
4
What is the hundreds digit of 1070?
0
What is the thousands digit of 1230?
1
What is the hundreds digit of 135830?
8
What is the hundreds digit of 6264?
2
What is the thousands digit of 10092?
0
What is the units digit of 1859?
9
What is the tens digit of 3337?
3
What is the thousands digit of 41142?
1
What is the thousands digit of 2200?
2
What is the ten thousands digit of 10226?
1
What is the thousands digit of 1696?
1
What is the ten thousands digit of 26530?
2
What is the tens digit of 629?
2
What is the tens digit of 766?
6
What is the thousands digit of 6585?
6
What is the hundreds digit of 4302?
3
What is the ten thousands digit of 13736?
1
What is the thousands digit of 1111?
1
What is the hundreds digit of 12050?
0
What is the thousands digit of 2744?
2
What is the hundreds digit of 92868?
8
What is the tens digit of 14213?
1
What is the tens digit of 14855?
5
What is the units digit of 1852?
2
What is the thousands digit of 5679?
5
What is the units digit of 804?
4
What is the tens digit of 414?
1
What is the hundreds digit of 382?
3
What is the thousands digit of 150680?
0
What is the tens digit of 57528?
2
What is the thousands digit of 5794?
5
What is the hundred thousands digit of 122031?
1
What is the units digit of 996?
6
What is the thousands digit of 7979?
7
What is the thousands digit of 1791?
1
What is the tens digit of 1353?
5
What is the tens digit of 10514?
1
What is the thousands digit of 2987?
2
What is the hundreds digit of 29077?
0
What is the tens digit of 122562?
6
What is the units digit of 1844?
4
What is the thousands digit of 43273?
3
What is the tens digit of 222?
2
What is the hundred thousands digit of 186134?
1
What is the hundreds digit of 974?
9
What is the units digit of 908?
8
What is the tens digit of 3634?
3
What is the units digit of 613?
3
What is the thousands digit of 160238?
0
What is the units digit of 3313?
3
What is the tens digit of 495?
9
What is the hundreds digit of 38907?
9
What is the tens digit of 80227?
2
What is the tens digit of 34733?
3
What is the ten thousands digit of 37769?
3
What is the tens digit of 1853?
5
What is the hundreds digit of 94825?
8
What is the tens digit of 2560?
6
What is the tens digit of 7151?
5
What is the units digit of 472?
2
What is the hundreds digit of 3444?
4
What is the tens digit of 15123?
2
What is the hundreds digit of 114?
1
What is the units digit of 7510?
0
What is the tens digit of 19311?
1
What is the tens digit of 6046?
4
What is the hundreds digit of 807?
8
What is the units digit of 5632?
2
What is the thousands digit of 4910?
4
What is the hundreds digit of 10819?
8
What is the tens digit of 54318?
1
What is the thousands digit of 8374?
8
What is the thousands digit of 32902?
2
What is the tens digit of 1199?
9
What is the ten thousands digit of 45672?
4
What is the thousands digit of 37482?
7
What is the thousands digit of 5972?
5
What is the units digit of 521?
1
What is the tens digit of 1020?
2
What is the units digit of 1934?
4
What is the hundreds digit of 1392?
3
What is the units digit of 53?
3
What is the units digit of 75?
5
What is the tens digit of 2896?
9
What is the tens digit of 31308?
0
What is the units digit of 1380?
0
What is the hundreds digit of 248?
2
What is the thousands digit of 11404?
1
What is the hundreds digit of 2163?
1
What is the hundreds digit of 122?
1
What is the tens digit of 19311?
1
What is the hundreds digit of 151192?
1
What is the hundreds digit of 15369?
3
What is the thousands digit of 8795?
8
What is the hundreds digit of 4